is the tens digit of 755?
5
What is the hundreds digit of 12836?
8
What is the ten thousands digit of 37574?
3
What is the thousands digit of 25591?
5
What is the units digit of 2393?
3
What is the thousands digit of 29299?
9
What is the tens digit of 1998?
9
What is the units digit of 911?
1
What is the tens digit of 1017?
1
What is the units digit of 262?
2
What is the tens digit of 6634?
3
What is the units digit of 732?
2
What is the units digit of 266?
6
What is the thousands digit of 6700?
6
What is the units digit of 1200?
0
What is the hundreds digit of 118753?
7
What is the ten thousands digit of 21235?
2
What is the tens digit of 4951?
5
What is the tens digit of 986?
8
What is the hundreds digit of 968?
9
What is the thousands digit of 156478?
6
What is the thousands digit of 7469?
7
What is the thousands digit of 1052?
1
What is the hundreds digit of 3047?
0
What is the tens digit of 609?
0
What is the tens digit of 1407?
0
What is the hundreds digit of 7487?
4
What is the tens digit of 3961?
6
What is the tens digit of 11431?
3
What is the thousands digit of 40897?
0
What is the hundreds digit of 2404?
4
What is the thousands digit of 3983?
3
What is the tens digit of 104?
0
What is the units digit of 3384?
4
What is the ten thousands digit of 60151?
6
What is the hundreds digit of 29299?
2
What is the hundreds digit of 86308?
3
What is the tens digit of 111013?
1
What is the tens digit of 2282?
8
What is the tens digit of 404?
0
What is the units digit of 175470?
0
What is the hundreds digit of 6535?
5
What is the units digit of 230?
0
What is the hundreds digit of 6076?
0
What is the tens digit of 1380?
8
What is the ten thousands digit of 63826?
6
What is the hundreds digit of 7244?
2
What is the ten thousands digit of 11437?
1
What is the tens digit of 1913?
1
What is the units digit of 4049?
9
What is the ten thousands digit of 96430?
9
What is the hundreds digit of 1493?
4
What is the tens digit of 65132?
3
What is the hundreds digit of 2961?
9
What is the tens digit of 431?
3
What is the tens digit of 32?
3
What is the units digit of 35551?
1
What is the hundreds digit of 2112?
1
What is the units digit of 803?
3
What is the thousands digit of 86323?
6
What is the units digit of 37?
7
What is the thousands digit of 67876?
7
What is the tens digit of 8793?
9
What is the thousands digit of 4356?
4
What is the units digit of 4088?
8
What is the thousands digit of 36485?
6
What is the ten thousands digit of 97565?
9
What is the units digit of 50900?
0
What is the units digit of 3096?
6
What is the hundreds digit of 268?
2
What is the ten thousands digit of 20852?
2
What is the thousands digit of 14484?
4
What is the thousands digit of 2438?
2
What is the hundreds digit of 3545?
5
What is the units digit of 49015?
5
What is the tens digit of 732?
3
What is the units digit of 15?
5
What is the ten thousands digit of 45490?
4
What is the thousands digit of 5545?
5
What is the ten thousands digit of 14571?
1
What is the tens digit of 681?
8
What is the hundreds digit of 507?
5
What is the units digit of 1776?
6
What is the thousands digit of 1388?
1
What is the tens digit of 5367?
6
What is the units digit of 14738?
8
What is the tens digit of 4491?
9
What is the hundreds digit of 11681?
6
What is the thousands digit of 14400?
4
What is the ten thousands digit of 133342?
3
What is the hundreds digit of 3760?
7
What is the hundreds digit of 655?
6
What is the tens digit of 1019?
1
What is the tens digit of 1051?
5
What is the hundreds digit of 16626?
6
What is the thousands digit of 3545?
3
What is the ten thousands digit of 46767?
4
What is the thousands digit of 45753?
5
What is the units digit of 531?
1
What is the thousands digit of 8259?
8
What is the hundreds digit of 244?
2
What is the tens digit of 5955?
5
What is the thousands digit of 8432?
8
What is the tens digit of 2959?
5
What is the ten thousands digit of 51855?
5
What is the hundreds digit of 9777?
7
What is the hundreds digit of 7073?
0
What is the hundreds digit of 402?
4
What is the thousands digit of 1418?
1
What is the hundreds digit of 2646?
6
What is the thousands digit of 33108?
3
What is the units digit of 1162?
2
What is the units digit of 811?
1
What is the hundreds digit of 153?
1
What is the tens digit of 20772?
7
What is the thousands digit of 3439?
3
What is the units digit of 92?
2
What is the tens digit of 6079?
7
What is the tens digit of 53?
5
What is the units digit of 704?
4
What is the hundreds digit of 660?
6
What is the hundreds digit of 101875?
8
What is the thousands digit of 16019?
6
What is the thousands digit of 2183?
2
What is the tens digit of 6877?
7
What is the hundreds digit of 442?
4
What is the tens digit of 1219?
1
What is the thousands digit of 2274?
2
What is the thousands digit of 1430?
1
What is the tens digit of 89670?
7
What is the thousands digit of 85597?
5
What is the tens digit of 438?
3
What is the ten thousands digit of 31842?
3
What is the thousands digit of 114327?
4
What is the thousands digit of 5948?
5
What is the hundreds digit of 19518?
5
What is the units digit of 14?
4
What is the units digit of 76891?
1
What is the hundreds digit of 3798?
7
What is the thousands digit of 10702?
0
What is the units digit of 627?
7
What is the tens digit of 16950?
5
What is the tens digit of 1433?
3
What is the thousands digit of 2394?
2
What is the units digit of 811?
1
What is the tens digit of 38778?
7
What is the tens digit of 85209?
0
What is the units digit of 2214?
4
What is the hundreds digit of 17954?
9
What is the tens digit of 319?
1
What is the hundreds digit of 17895?
8
What is the tens digit of 1134?
3
What is the thousands digit of 7641?
7
What is the tens digit of 569?
6
What is the hundreds digit of 801?
8
What is the ten thousands digit of 14564?
1
What is the tens digit of 2543?
4
What is the tens digit of 4375?
7
What is the tens digit of 1275?
7
What is the thousands digit of 3606?
3
What is the tens digit of 25892?
9
What is the tens digit of 625?
2
What is the tens digit of 15366?
6
What is the tens digit of 741?
4
What is the units digit of 1307?
7
What is the ten thousands digit of 11709?
1
What is the hundreds digit of 998?
9
What is the units digit of 4057?
7
What is the tens digit of 117409?
0
What is the units digit of 902?
2
What is the thousands digit of 70381?
0
What is the hundreds digit of 450?
4
What is the tens digit of 26242?
4
What is the units digit of 3601?
1
What is the tens digit of 29365?
6
What is the tens digit of 921?
2
What is the hundreds digit of 40920?
9
What is the units digit of 957?
7
What is the ten thousands digit of 18479?
1
What is the hundreds digit of 470?
4
What is the thousands digit of 96244?
6
What is the hundreds digit of 2651?
6
What is the thousands digit of 4788?
4
What is the units digit of 68380?
0
What is the units digit of 141562?
2
What is the tens digit of 25835?
3
What is the tens digit of 41?
4
What is the hundreds digit of 1970?
9
What is the units digit of 82986?
6
What is the units digit of 1654?
4
What is the hundreds digit of 197?
1
What is the hundreds digit of 850?
8
What is the hundreds digit of 15166?
1
What is the units digit of 1196?
6
What is the units digit of 1239?
9
What is the thousands digit of 20040?
0
What is the units digit of 55?
5
What is the units digit of 2085?
5
What is the hundreds digit of 89910?
9
What is the units digit of 424?
4
What is the hundreds digit of 10685?
6
What is the thousands digit of 32262?
2
What is the units digit of 2619?
9
What is the hundreds digit of 1474?
4
What is the hundreds digit of 585?
5
What is the units digit of 160849?
9
What is the thousands digit of 17696?
7
What is the hundreds digit of 1374?
3
What is the thousands digit of 1224?
1
What is the thousands digit of 6059?
6
What is the units digit of 3488?
8
What is the hundreds digit of 53821?
8
What is the units digit of 36914?
4
What is the thousands digit of 7371?
7
What is the tens digit of 2932?
3
What is the hundreds digit of 13437?
4
What is the units digit of 413?
3
What is the hundreds digit of 27043?
0
What is the units digit of 19325?
5
What is the ten thousands digit of 67287?
6
What is the ten thousands digit of 11201?
1
What 